 5. Let d(m) = -5*m + 3*m + 0*m**2 - m**t. Determine d(-1).
1
Let a(o) = -5 - 3*o**2 + 2 + 2*o**2 + 2 + o. Give a(2).
-3
Let m(q) = q**2 - 5*q + 1. Let p(o) = -o**2 + o + 4. Let y be p(0). What is m(y)?
-3
Let x(c) = -c - 7. Let g(b) = 1. Let r(h) = -4*g(h) - x(h). Let l be r(-6). Let y(z) = z**2 + 3*z - 2. What is y(l)?
-2
Let t(l) = l + 5. Let w be t(0). Let a = w - 6. Let f(k) = k**3 + k**2 + k + 1. What is f(a)?
0
Let k(v) = v**3 + 5*v**2 - v + 3. Let f(z) = z**3 + 5*z**2 + 2*z + 5. Let j be f(-5). What is k(j)?
8
Let f be (-128)/(-20) + 2/(-5). Let l(x) = -f - x - 2*x + x. Determine l(-6).
6
Let o(g) = -g**2 - g. Suppose -4*p - 5*n = -p + 1, -8 = 4*p + 5*n. Let x(i) = -i**2 - 2*i. Let f(y) = p*o(y) + 5*x(y). Determine f(3).
9
Let z(d) = -d**2. Let h(k) = -3*k. Let w be h(-5). Suppose j + w = -3*t, 0 = j + 4*t + 25 - 5. Calculate z(j).
0
Let z = 5 - 1. Let p(w) = 2*w - 5. Calculate p(z).
3
Let v = -1 + 1. Let g(r) = r**3 - r**2 + r + 6. Determine g(v).
6
Let r(h) = h**2 - 2*h - 1. Let x = 2 + -3. What is r(x)?
2
Let z(f) = 5 - 11*f + 19*f + f**2 - 16*f. Give z(7).
-2
Let r(u) = -11*u**3 - u**2 + u + 1. Let m(o) = -44*o**3 - 5*o**2 + 4*o + 4. Let z(g) = 2*m(g) - 9*r(g). Determine z(-1).
-12
Let z be -5*(12/10 - 0). Let o(s) = -4*s**2 + 6*s + 7. Let m(t) = -5*t**2 + 6*t + 8. Let i(w) = -5*m(w) + 6*o(w). Give i(z).
2
Let g(v) = -v**3 + v**2 + 3*v - 3. Let s be g(2). Let k = s - -3. Let b(q) = q**3 - 4*q**2 + 3*q. Calculate b(k).
-2
Let f(a) be the third derivative of -a**6/40 - a**5/30 + a**3/6 + a**2. Calculate f(-1).
2
Let u(r) be the second derivative of r**3/6 - 2*r**2 - 3*r. Let d(x) = x + 3. Let n be d(3). Suppose 5*k = -n + 31. Give u(k).
1
Let f(b) = b**3 - 5*b**2 - 10*b + 9. Let j(v) = -3*v**3 + 15*v**2 + 29*v - 26. Let x(z) = 8*f(z) + 3*j(z). Determine x(6).
0
Let f(h) = -h**3 - 3*h**2 + 4*h - 4. Let b be f(-4). Let o be 3/(-9) - 7/(-3). Let g(t) = -6*t - 5 - 3*t**o + 0*t**2 - t**3 - 2*t**2. Determine g(b).
3
Let n = -12 - -15. Suppose 6 = -n*w + 3. Let o(y) = -2*y**2 + 6*y**2 - 1 - y - y. Give o(w).
5
Let d(a) = 5*a + 8. Let q(i) = -11*i - 17. Let u(n) = 13*d(n) + 6*q(n). Give u(0).
2
Suppose -d = -5*u - 5*d + 4, 4*d = 4*u - 32. Let t = u - 3. Let g(s) = -7*s**3 + 2*s**2 - 2*s + 1. Give g(t).
-6
Suppose 0 = -3*a - 6, -b + 3*a + 0*a + 31 = 0. Suppose 5*n + b = 0, 7 = k - 2*n + n. Let u(t) = -3*t + 0 - 1 - k*t. Calculate u(-2).
9
Let h = -10 - -15. Suppose -z + h = 2. Let q(p) = -z - 5*p + 1 + 0 + 3*p. Calculate q(3).
-8
Let a(v) be the second derivative of -v**4/12 - 5*v**3/3 - 6*v**2 + 14*v. Give a(-9).
-3
Suppose 2*t - 5*t = -9. Suppose 0 = 7*m - 3*m - 16. Let x(v) = m*v**2 + 1 + t*v + 2*v**2 - 2*v. Give x(-1).
6
Let p(o) be the second derivative of -o**3/3 + 3*o**2/2 - 2*o. Give p(-5).
13
Let q(x) = -5*x - 1. Let a be q(-1). Let m(l) = 7*l - 4. Let i(n) = -12*n + 7. Let d(v) = 6*i(v) + 10*m(v). Calculate d(a).
-6
Let f(j) be the second derivative of j**4/12 - j**3/6 - 2*j. Calculate f(3).
6
Let x = 38 - 34. Let c(l) be the first derivative of 1/2*l**x - l**3 + l**2 - 3*l + 1. Determine c(2).
5
Let q(n) be the third derivative of -n**5/60 - n**4/12 - n**3/3 - n**2. Calculate q(-3).
-5
Let b(u) = -u**3 + 13*u**2 + 13*u + 8. Suppose -5*j + 2*o + 70 = 0, -2*j + 0*j = o - 28. Determine b(j).
-6
Let b(s) = -3*s - 3. Let r = 14 + -16. What is b(r)?
3
Suppose 2*w + 3*w = 15. Suppose 5*a - 9 - 12 = 2*b, -2*a + 4 = -w*b. Let j(o) = -o. Let c(m) = m + 3. Let z(p) = b*j(p) + c(p). Give z(0).
3
Let c(x) be the second derivative of -x**4/12 - 5*x**3/3 - 5*x**2/2 - 31*x. Determine c(-4).
19
Let m(q) = -q**2 + 10*q - 11. Let b be m(8). Let j(w) = -w**2 + 2*w + 5. Let f(a) = 2*a**2 - 4*a - 9. Let x(i) = 2*f(i) + 5*j(i). Calculate x(b).
-8
Let j(f) = 3*f**2 + 6*f + 0*f**2 - f**2 - 3*f**2 - 1. What is j(7)?
-8
Suppose -3*m + 15 = -r, -6*r + 3*r = 2*m + 1. Let f(b) = -b**2 + 5*b + 1. Calculate f(m).
5
Let i(w) = 0 - 3 + 2*w - w + 0. Give i(-4).
-7
Let c(p) = -42*p + 36*p + 6 - 3*p**2 - 2*p**2 + 6*p**2. Determine c(4).
-2
Let p(s) = 5. Let r(i) = 1. Let x(y) = -p(y) + 4*r(y). Let f(n) = -n + 2. Suppose -3*g = -4*g + 2*c + 6, -g = 5*c + 22. Let j(h) = g*x(h) - f(h). What is j(1)?
1
Let y(v) = 5*v**3 + 2*v**2 + 5*v - 11. Let z(c) = 2*c**3 + 11*c**3 + 5*c**2 + c**3 + 14*c - 32. Let t = 7 - -10. Let m(j) = t*y(j) - 6*z(j). Give m(-4).
1
Let b(i) be the third derivative of i**6/120 - i**5/10 - i**4/24 - 2*i**3/3 + 6*i**2. Suppose -2*t + 12 = -0*t. What is b(t)?
-10
Let n(d) = 2 + 0*d + 2*d + d. Let q(o) = 2*o + 2. Let g(a) = -4*n(a) + 5*q(a). Give g(-2).
6
Let l(p) = p**3 + 6*p**2 + 6*p - 1. Suppose -q - 2 = -4. Suppose -4*w = -4*c - 24, 17 = -4*c - 5*w + q. Calculate l(c).
-6
Suppose 5*n - 3*q = 50, 4*n + 3*q - 33 = 4*q. Suppose 2*l = -3*t + 9, 3*t - t - 3*l + n = 0. Let x(p) = 11*p**3 - 2*p**2 + 2*p - 1. Determine x(t).
10
Let z(y) = y**2 - y. Let a(c) = c**2 + 9*c - 3. Let r(x) = a(x) - 2*z(x). What is r(10)?
7
Suppose t + 0*t = 4. Suppose 2*o = t - 2. Let x(b) = 1 + o + 3*b**2 + 4*b**3 - 3*b**3 - 4*b. Calculate x(-4).
2
Let m(j) = 4*j**2 + 7*j + 2. Let p(c) = -c. Let f be p(-3). Let r(h) = 5*h**2 + 8*h + 3. Let q(i) = f*r(i) - 4*m(i). Determine q(-3).
4
Let y(a) be the first derivative of -a**4/4 + 2*a**3/3 + a**2/2 + 2*a + 8. Calculate y(3).
-4
Suppose -4*u - 13 = g - 2, -u + 4*g - 7 = 0. Let i(x) be the first derivative of 5/2*x**2 - 1 + 5/3*x**3 + 4*x + 1/4*x**4. Give i(u).
7
Let s = 58 + -58. Let v(k) = -k**2 + k - 12. Give v(s).
-12
Let m(d) = -4 - 4 + 1 - d. Calculate m(-7).
0
Let a = -31 + 31. Let c(j) = -j - 3. Determine c(a).
-3
Let b(t) be the third derivative of t**7/5040 + t**6/90 - t**5/15 - 4*t**2. Let o(s) be the third derivative of b(s). Determine o(0).
8
Suppose -u = 12 - 2. Let t = u - -10. Let g(v) = -v**3 + v**2 + v + 5. Calculate g(t).
5
Let c(u) be the second derivative of -u**4/4 + u**3/3 - u**2/2 - 7*u. What is c(1)?
-2
Let w(d) = 3*d - 1 - 9*d + 7*d. Let q be w(-3). Let u(g) = -2. Let n(a) = -a + 1. Let k(i) = -3*n(i) - 4*u(i). What is k(q)?
-7
Let f(w) be the first derivative of -5*w - 3/2*w**2 - 1. Suppose 4*r - 2*s = -24, 7*s = -4*r + 8*s - 20. What is f(r)?
7
Let x(r) = 0*r + 5*r + r**2 - 1 + 0*r. What is x(-5)?
-1
Let i(u) = -8*u**2 + 13*u + 20. Let b(j) = -3*j**2 + 4*j + 7. Let m(n) = 11*b(n) - 4*i(n). Calculate m(-6).
9
Suppose 0 = -7*u - 5*u + 6*u. Let i(n) be the third derivative of 3*n**2 + 7/120*n**6 + 0 + u*n**3 + 0*n + 0*n**4 + 0*n**5. Calculate i(1).
7
Let j be 2/2*(-1 - 0). Suppose -4*g = -11 - 1. Let a(n) = -5*n - 2 + g + 7*n. What is a(j)?
-1
Let k(o) = -9*o**2 - 14*o + 14. Let x(j) = 3*j**2 + 5*j - 5. Let n(s) = -4*k(s) - 11*x(s). Let c(l) = l**2 + 5*l - 5. Let d be c(-6). What is n(d)?
3
Let g be ((-28)/(-20))/((7 - 4)/15). Let v(k) = -k + 12. What is v(g)?
5
Let n(g) = 7*g**2 - g + 6. Let k(b) = -b**2 - b. Let o(f) = -6*k(f) - n(f). Let c be o(4). Let w = 10 - c. Let v(r) = -r**2 + 3*r. What is v(w)?
-4
Let w = -5 + 6. Let t be (-3 + 2)*2*w. Let n(c) = c**2 - 2*c - 3. Determine n(t).
5
Let z = 28 + -24. Let v(k) = k - 8. What is v(z)?
-4
Let q(s) be the first derivative of s**4/4 - s**3/3 - 2*s**2 + 4*s + 3. Suppose u - h = 3, u - 3*h + 5 = -4*h. Let a be u/(0 - -1)*-3. Determine q(a).
10
Let v(g) = -g**2 + 3*g - 4. Let m(q) = q + 8. Let y be m(-6). Suppose y = -4*r + 14. Calculate v(r).
-4
Let k(i) = 0*i - 7*i + 2 + 4*i + 4*i. Give k(-1).
1
Suppose -5*n + 4*n = 0. Let d be (-21)/(-6) + (-1)/2. Let x(o) = d - 7 + 0 + o**2. Calculate x(n).
-4
Let j(m) = -3*m + 128*m**2 + 10*m + 2 - 127*m**2. What is j(-6)?
-4
Let q(j) = 3*j - 3 + 4*j + 10. Let h(m) = 10*m + 11. Let i(v) = 5*h(v) - 8*q(v). Let d be (-27)/21 - 2/(-7). Give i(d).
5
Suppose 7*a + 6 = 10*a. Let w(p) = 5 + 0*p + 2*p**2 - 6 - 2*p. What is w(a)?
3
Let r(s) = 3 + 5 - 2*s**2 - 11 + 2*s. Determine r(2).
-7
Let z(r) = -r**3 + 4*r**2 + 3*r + 3. Let x be z(4). Let d = x + -11. Let m(f) be the first derivative of f**2/2 + 4*f - 2. Determine m(d).
8
Let o(f) = f + 2*f + 2*f**2 + 5 - 3*f**2. Let j(y) = -4*y**3 + 2*y**2 - 1. Let g be j(1). Let k(d) = -3*d - 5. Let c be k(g). Calculate o(c).
1
Let w be ((-39)/(-65))/((-1)/(-5)). Let j(a) = 2*a**3 - 4*a**2 - 4. Calculate j(w).
14
Let p be (10/(-6))/(4/(-12)). Suppose -8 - 7 = -p*s. Let h(m) = -7*m + 3. Let